der when 34 is divided by h(0).
10
Let n(r) be the second derivative of -13*r**3/3 + r**2/2 + 2*r. What is the remainder when n(-2) is divided by 11?
9
Let x = 35 - 27. What is the remainder when 12 is divided by x?
4
Let i(a) = -a**3 - 2*a**2 - 3*a - 2. Calculate the remainder when i(-3) is divided by 6.
4
Let c(o) = -o**3 - o + 1. Let m be c(0). Suppose n + m = 5. Suppose -n = -g - 3*g, -5*z + 3*g + 2 = 0. What is the remainder when 2 is divided by z?
0
Let z = -35 - -59. Calculate the remainder when z is divided by 7.
3
Suppose 4*z - 3*a = 17 + 52, z - 26 = -a. Let v(w) = w + 12. Calculate the remainder when z is divided by v(0).
9
Suppose 5*i - 116 = 79. What is the remainder when i is divided by 14?
11
Suppose 5*w - 3*z - 65 = 0, z + 0*z = -5. Calculate the remainder when 39 is divided by w.
9
Suppose -a - 88 = 3*k, 2*a - 139 = 4*k - a. Let u = k + 56. Let p = 124 + -115. What is the remainder when u is divided by p?
7
Suppose 3*q + 2*u = 5*u + 87, -q + 2*u = -34. Suppose 5*t - t = q. What is the remainder when 0 - -1 - 54/(-6) is divided by t?
4
Let c be ((-8)/(-6))/(3/(-9)). What is the remainder when (-82)/(-8) - (-1)/c is divided by 6?
4
Suppose 5*r + 34 = 6*r. What is the remainder when r is divided by 12/42 - 164/(-14)?
10
Suppose 7*m = -3*m + 1380. Calculate the remainder when m is divided by 21.
12
Let t = 5 + 0. Suppose t*b + 53 = 3*v + 235, 4*b - 149 = -v. Suppose i + 4*i = o, 5*i = 3*o - 20. Calculate the remainder when b is divided by o.
7
Let q(w) = 4*w + 7. Calculate the remainder when q(9) is divided by 15.
13
Let n be 3252/14 + (-6)/21. What is the remainder when -3*n/(-12) + 1 is divided by 31?
28
Let q = 25 + -16. Let m = -2 + 3. What is the remainder when (24*1 - -2)*m is divided by q?
8
Let l = 3 - -1. Calculate the remainder when 64 is divided by (-66)/l*8/(-6).
20
Let i = -29 - -47. What is the remainder when 51 is divided by i?
15
Let d = -20 - -22. Let w = d - -69. What is the remainder when w is divided by 24?
23
Let q be ((-62)/3)/(2/3). Let l = 51 + q. Calculate the remainder when 38 is divided by l.
18
Suppose 4*z = -3*i + 6*z + 9, -5*z = -15. Let c = i + -20. Let d = 29 + c. Calculate the remainder when 27 is divided by d.
13
Suppose -2*o = -o - 15. Let h(c) = 21*c + 1. Calculate the remainder when h(2) is divided by o.
13
Suppose -49 = -8*w + 23. What is the remainder when w is divided by 5?
4
Suppose -4*w = w. Suppose w*r + r = -5*z + 10, 3*z + 134 = 5*r. What is the remainder when r is divided by 7?
4
Let d(f) = f**3 + 4 - 2*f**2 + 12*f**2 + 8. What is the remainder when d(-10) is divided by 7?
5
Let n(m) be the third derivative of -m**4/24 - m**3/3 + 4*m**2. What is the remainder when 21 is divided by n(-10)?
5
Suppose 3*b = 2*c - 34, 2*c + 2*c - 64 = 5*b. What is the remainder when 43 is divided by c?
10
Suppose -3*k - 4*f + 7*f - 12 = 0, 2*k + 43 = -5*f. Let n = 10 - k. What is the remainder when n is divided by 11?
8
Let h = -175 - -250. What is the remainder when h is divided by 19?
18
Suppose 623 = 11*k - 4*k. What is the remainder when k is divided by 13?
11
Let a(r) be the third derivative of -r**5/60 - r**4/3 - r**3 - 5*r**2. Calculate the remainder when 15 is divided by a(-5).
6
Calculate the remainder when 45*1*4/12 is divided by 10.
5
Let y = 20 + 32. What is the remainder when y is divided by 19?
14
Calculate the remainder when 87 is divided by (-2 - 4)*27/(-18).
6
Let m = 185 + -142. What is the remainder when m is divided by 7?
1
Suppose 3 = -5*v + 48. What is the remainder when 133/v + (-10)/(-45) is divided by 9?
6
Suppose b - 2*u = 2, 0 = 4*b + u - 0*u - 8. Suppose b*t - 4 = 4. Suppose -2 + 0 = -a. What is the remainder when t is divided by a?
0
Suppose 8*o = 3*o + 140. Calculate the remainder when o is divided by 19.
9
Let l(a) = -a + 3. Let d be l(0). Suppose -117 = -3*h - 6. What is the remainder when h is divided by 11 + 0 + -1 + d?
11
Suppose i = 91 - 14. Let f = 37 + -11. What is the remainder when i is divided by f?
25
Let n be ((-2)/4*0)/1. Let k be n*(3 + -4 + 0). Suppose 0*o - 2*o + 32 = k. Calculate the remainder when 62 is divided by o.
14
Suppose -2*v - 110 - 168 = 5*j, 4*j - 3*v + 204 = 0. Let z = j - -77. What is the remainder when (10 - 9)*3/3*45 is divided by z?
22
Let f = -19 + 30. Let y(k) = k + 2. Let t be y(-2). Suppose t = 3*p - 2*p - 31. Calculate the remainder when p is divided by f.
9
Let r(f) = f**2 + 7*f + 9. Calculate the remainder when 193 is divided by r(-10).
37
Let n = -2 + 7. Let k = 24 - n. Calculate the remainder when 37 is divided by k.
18
Let a be (-1)/2*-2*2. Suppose 18 = a*u + u. Calculate the remainder when u is divided by 2.
0
Calculate the remainder when (1 - 2613/(-9)) + (-2)/(-3) is divided by 49.
47
Let f = 9 + -5. What is the remainder when 21 is divided by f/(-6)*(-5 - 4)?
3
Suppose -2*z - z = -4*z. Let b(c) be the first derivative of c**2/2 + 22*c + 1. Calculate the remainder when 65 is divided by b(z).
21
Suppose -2*i = 2*i - 224. Let z = i + -39. Calculate the remainder when z is divided by 5.
2
Suppose 0 = -3*x + 12 - 9. Let o = x - -4. Calculate the remainder when 18 is divided by o.
3
Let j be (0 - (-4 + -1)) + -4. Suppose 2*g - 19 - j = 0. What is the remainder when 27 is divided by g?
7
Suppose 3*m = 9 + 21. Calculate the remainder when 17 is divided by m.
7
Suppose 2*m = -3*m + 125. Calculate the remainder when 70 is divided by m.
20
Suppose -6*l - 100 = -l - 5*p, l - 3*p = -18. Suppose -2*z - 11 + 81 = 0. Let b = l + z. What is the remainder when b is divided by 8?
6
Let k(p) = 16*p + 2. What is the remainder when k(5) is divided by 14?
12
Let c(k) = 38*k**3 + k**2 - k + 1. Let a = -8 - -22. What is the remainder when c(1) is divided by a?
11
Suppose 3*i - 33 = -0*i. What is the remainder when i is divided by 3?
2
Suppose 0 = -p + 5*t - t + 11, 22 = 2*p - 4*t. Calculate the remainder when 21 is divided by p.
10
Let d = -46 - -77. Suppose -48 = 4*s - 3*r, -5*s - 25 = -0*r + 5*r. Let h = d + s. What is the remainder when h is divided by 8?
6
What is the remainder when 5 - -10*(-2 - -4) is divided by 18?
7
Let n = -16 + 8. Let w = 14 + n. Suppose -5*d + 30 = y, -5*d - y + w = -4*d. What is the remainder when d is divided by 3?
0
Suppose 0*c - c = -4. Let v(q) = -4 + 0*q + 11*q - q**2 - 3*q. Calculate the remainder when v(5) is divided by c.
3
Let p = -57 - -83. Calculate the remainder when 49 is divided by p.
23
Let k(f) = f**3 - 3*f**2 - f - 4. Let l = 4 - 0. What is the remainder when 2 + 12*1 - 0 is divided by k(l)?
6
Suppose 90 = 2*r + 3*r. Let j be (-32)/10 + 1/5. Let u = 7 - j. Calculate the remainder when r is divided by u.
8
Let o = 183 + -150. What is the remainder when o is divided by 7?
5
Suppose 0 = -5*n + 10, -4*p + 0*p = -5*n + 10. Suppose p = 2*d - 2*y - 74, 5*y - 10 + 3 = -d. Let f = -3 - -14. Calculate the remainder when d is divided by f.
10
Let u = 14 + -26. Let x(q) = q**3 - 12*q**2 + 5*q + 27. Let t be x(11). Let l = u - t. Calculate the remainder when l is divided by 15.
12
Let x = -6 + 4. Let a(v) = -2*v**3 - 3*v**2 + 1. Let y be a(x). Suppose -5*c + 57 = 4*z, -z + 6*z - 60 = y*c. Calculate the remainder when z is divided by 7.
6
Let d(y) = 2*y**2 + 4*y + 2. Let g be -3*(-1)/(1 - 0). Suppose -37 = -3*h + r, g*r = -4*h + 5*r + 48. What is the remainder when d(-6) is divided by h?
11
Let l = 37 - 13. What is the remainder when l is divided by 6 - (-9)/(-3) - -10?
11
Let j(z) = -z**2 + 23*z - 2. Let u be j(23). Suppose 3*r - 13 = -c, -3*r - c + 7 = -2*r. Let x = u + r. Calculate the remainder when x is divided by 1.
0
Let d be 11 - (-1 - -3 - 3). Let o = d - 7. Calculate the remainder when 8 is divided by o.
3
Let u(b) = b**2 + b + 1. Suppose 0 = -2*c - 1 + 237. Let o = 167 - c. Calculate the remainder when o is divided by u(3).
10
Suppose 0 = -2*r - 3*r - 25. Let w(b) = -b**2 - 10*b - 6. Suppose 0 = 4*p + 3*f - 147, 182 = -0*p + 5*p + 2*f. What is the remainder when p is divided by w(r)?
17
Let a(h) = -h - 1. Let d(j) = -2*j**2 + 2*j + 6. Let t(i) = -2*a(i) - d(i). Calculate the remainder when 80/6*6/2 is divided by t(3).
12
Suppose 58 = t + 4*t - 4*w, -2*w + 6 = 0. Suppose -3*s + 0*s + 25 = 5*b, -20 = -4*b - 3*s. What is the remainder when t is divided by b?
4
Suppose -x = x + 5*a - 9, 3*a + 9 = 0. Let j = 104